14?
14
Let g be (-27)/45 - 23/(-5). Suppose -g*w = 4*q - 48, q + 0*q - 5*w = -12. Let p be (-36)/(4/q*-2). Calculate the greatest common factor of p and 12.
12
Let v be 2/(-8) - (-17050)/40. Let h be 1/6 - v/(-36). What is the highest common factor of h and 16?
4
Let g(a) = 8*a - 3*a + 8 + 0. Let q be g(11). What is the greatest common divisor of q and 9?
9
Let i(w) = 4*w - 23. Let m be i(-6). Let z = 65 + m. What is the greatest common divisor of 18 and z?
18
Let x(q) = 6*q - 28. Let y be x(5). Let f be y*5*(-9)/(-6)*2. What is the highest common divisor of f and 180?
30
Let n(z) = z**3 - 6*z**2 + 13*z + 8. Let y be n(5). Calculate the greatest common factor of y and 156.
12
Let o(t) = 6*t**2 - 40*t + 185. Let x be o(5). What is the greatest common divisor of 225 and x?
45
Let m = -5 + 7. Suppose -l = 5, -u - 5*l - 40 = -m*u. Suppose u = c - 13. Calculate the greatest common factor of 224 and c.
28
Let m(c) = -c**3 - 10*c**2 - 9*c + 27. Let a be m(-9). Calculate the highest common divisor of a and 27.
27
Let a(c) = -72*c**3 - c**2 - c. Let z be a(-1). Suppose 0 = 2*p - 0 - 8. Let l = 22 - p. Calculate the greatest common factor of l and z.
18
Suppose -6*z + 5 + 1 = 0. Let m(a) = 144*a**2 - 2*a + 1. Let f be m(z). What is the greatest common factor of f and 13?
13
Let o be 480/30*3/4. Suppose -o*f + 18*f = 6. Suppose 2*b = 4 + 12. What is the highest common divisor of b and f?
1
Suppose -2 = -2*x, 0 = -4*g - 5*x - 13 + 218. What is the greatest common divisor of g and 40?
10
Suppose 0 = 15*g - 13*g + 2*c - 140, -2*g + 2*c = -140. Suppose -4*j + 5*y = -61, -4*y = -2*j - y + 31. Calculate the highest common divisor of j and g.
14
Let d(z) = -12*z - 291. Let n be d(-29). Calculate the highest common divisor of n and 38.
19
Let u = -100 + 202. What is the highest common factor of u and 34?
34
Suppose 4*g + 0 = -4. Let t(f) = 7*f**2 - 2*f - 3. Let w be t(g). Calculate the greatest common divisor of 42 and w.
6
Let s(l) = 41*l**2 + 3*l + 4 - l - 31*l**2. Let w be s(-2). Calculate the greatest common factor of w and 5.
5
Suppose -46 = -4*x - j, 44 = 4*x - 0*x + 2*j. Let q(v) = v**2 - 3*v. Let r be q(3). Suppose -y - y + x = r. What is the highest common factor of 36 and y?
6
Let g(i) = -28*i + 3. Let d be g(-2). Let u = -48 + d. Suppose 221 = 3*s + s + r, -4*r = 2*s - 114. Calculate the greatest common factor of u and s.
11
Let i = -6227 + 6233. Suppose -4*r = -5 - 31. What is the greatest common divisor of r and i?
3
Suppose 5*j - 42 = 3*z, -6*z + 14 = 5*j - 2*z. Suppose -j*y + 1224 + 30 = 0. Let l = 14 + 5. What is the highest common divisor of l and y?
19
Let q(x) = -5*x - 20. Let j be q(-6). Suppose m + 2*m = 15. What is the highest common factor of j and m?
5
Suppose 0 = k + 19 - 83. Let b(m) = -11*m - 20. Let t be b(-2). Suppose -t*h = -h - k. Calculate the highest common divisor of 8 and h.
8
Suppose 57 = 5*m + 2*d, -2*d = -m - 5*d + 14. Calculate the greatest common factor of 44 and m.
11
Let a = 451 - 181. Calculate the highest common divisor of 90 and a.
90
Suppose 2*m + 211 = 1499. Suppose -f = 2*b - 257, -5*b - f + m = -0. Let l = b + -69. Calculate the highest common divisor of l and 10.
10
Let x be (28/14)/((-2 + 0)/(-572)). Calculate the highest common factor of x and 52.
52
Suppose -50*s + 52*s + 218 = 0. Let k = s + 117. What is the highest common factor of k and 56?
8
Let m(k) = k**3 + 6*k**2 + 2*k + 5. Let a be m(-4). Let x = a + -15. Let o = 2 + 0. Calculate the highest common divisor of x and o.
2
Let j = 301 - 81. Let s = j - -275. What is the highest common factor of s and 55?
55
Suppose 3*a = 27 + 198. What is the greatest common factor of a and 325?
25
Suppose 5*a - w - 138 = 3*w, w - 63 = -2*a. Let n(r) = 2*r - 3. Let b be n(24). What is the greatest common factor of b and a?
15
Suppose 5*n = n + 24. Suppose 2*a - 9 = a. Calculate the greatest common divisor of n and a.
3
Let j = 981 + -879. Calculate the greatest common factor of 663 and j.
51
Suppose 4*s - 16 - 20 = 0. Suppose -38 = -y + 3*k - 2, 5*y - k = 222. Calculate the highest common divisor of s and y.
9
Suppose 56*l - 855 = 2225. Calculate the highest common factor of l and 33.
11
Let j be ((-615)/(-12))/(1/4). Suppose -2*g + 0*g - z + 135 = 0, -3*g + j = -z. Suppose 98 = 46*b - 1466. Calculate the greatest common factor of g and b.
34
Suppose -15*j + 1250 = -5*j. Calculate the greatest common divisor of 50 and j.
25
Suppose 0 = -4*t - 8 + 4. Let y be (8/(-12) + t)*-12. Calculate the highest common factor of 1 and y.
1
Let l be (-3)/6 + (-116)/(-8). Suppose -9*a + 8*a + l = 0. Calculate the greatest common divisor of 154 and a.
14
Let m = 2964 - 2940. What is the highest common factor of m and 1032?
24
Suppose d = -5*s + 3*d + 33, -3*d = -2*s + 22. Suppose -u + 5 = 1. Suppose -u*l = -l - 105. What is the greatest common divisor of l and s?
5
Let x be (-11)/(-2) - 1/(-2). Let y be 187/5 + 4/(-10). Suppose -53 = -3*n + y. Calculate the greatest common divisor of n and x.
6
Let z(p) = 8*p**2 - 3*p - 7. Let x be z(2). Calculate the greatest common divisor of x and 2964.
19
Let v = 35 - 28. Let z be 69 - ((-13)/(-78) + v/(-6)). Calculate the greatest common factor of 10 and z.
10
Let y(a) = -19*a - 481. Let o be y(-26). Let f be (-259)/(-4) - 1/(-4). What is the highest common factor of o and f?
13
Suppose -2*t = -5*b - 95, -177 = -4*t - 3*b - 0*b. Suppose 25 = 2*k - 4*f - 27, 5*k - 146 = 2*f. What is the greatest common factor of t and k?
15
Let p = 6 - -3. Let k be 7/((6/p)/2). Suppose -8*u = u - 2079. What is the highest common divisor of k and u?
21
Let a = -379 + 158. Let q = -116 - a. Let y(f) = f + 10. Let l be y(11). Calculate the greatest common factor of q and l.
21
Suppose -7*l + l = -42. Let f(a) = a - 6. Let g be f(l). Suppose v + 14 = 4*n, -v - 1 = -n + g. Calculate the greatest common factor of 28 and n.
4
Suppose -15*v + 1162 + 413 = 0. Let u = -36 + 71. Calculate the highest common factor of v and u.
35
Let y(b) = 21*b**2 + 3*b. Let m be y(-4). Let z(j) = 35*j**2 + 1. Let v be z(-1). What is the highest common factor of v and m?
36
Suppose -d = -2*q + 18, -2*d = 5*q - q - 44. Suppose q = 3*z + 5*b, 4*z - 8*z + 2*b = -48. Calculate the highest common divisor of z and 60.
10
Let r = 131 + -127. Calculate the highest common factor of 172 and r.
4
Let k be -2 - ((-3 - -1) + 0 + 0). Suppose -j = h + h - 82, k = 2*j - 4*h - 148. What is the greatest common factor of j and 52?
26
Suppose h = 5*k + 64, -h - k + 44 = -2*k. Calculate the greatest common factor of 1014 and h.
39
Let l be (-1 - -1) + (-2 - -4). Suppose -73*p - 1 = -72*p. Let f be (-14)/49 - (p + (-65)/7). What is the greatest common divisor of l and f?
2
Let g = -1816 - -1900. Suppose 2*l - 92 = -4*z, 3*z - 5*l = -2*l + 51. Calculate the highest common factor of z and g.
21
Suppose 0*s + 5*t + 185 = 5*s, 188 = 5*s - 2*t. Let c be s + 1 + 0 + -3. Calculate the greatest common factor of c and 24.
12
Let l(j) = j**3 + 43*j**2 + 6*j - 162. Let i be l(-42). What is the greatest common factor of i and 50?
50
Let a = -27 + 95. Let y = a - -9. Calculate the highest common divisor of 7 and y.
7
Let a = 10 + -4. Let d = 680 + -632. Calculate the greatest common factor of d and a.
6
Let f = 17 + -12. Let d = 255 + -169. Let m = d - 36. Calculate the greatest common factor of f and m.
5
Let l(n) = -n**2 - n + 38. Let z be l(-7). Let o be (-1)/z - (-4599)/84. What is the greatest common divisor of 22 and o?
11
Let g be (-6)/12*(-1 - -1). Suppose 2*z = 5*x + 180, g = 5*z + x + x - 392. What is the highest common factor of 16 and z?
16
Let l = -25 + 27. Suppose -3 - 3 = -l*u. Let k(m) = 2*m. Let r be k(u). What is the highest common divisor of 42 and r?
6
Let i = 107 - 92. Calculate the greatest common divisor of i and 30.
15
Let t = 290 + -284. What is the greatest common factor of 408 and t?
6
Let k(w) = -4*w**2 + 32*w - 21. Let g be k(6). What is the greatest common divisor of 2 and g?
1
Suppose 9*d = 4*d + 105. Let m be -1 + -2 + 0 + d. Suppose -4*o + 248 = 68. Calculate the greatest common factor of m and o.
9
Suppose 4*f = 3*a - 30, -4*a + 30 = -2*f - 0*f. Let o = a + 6. Let x = 263 - 167. Calculate the greatest common factor of x and o.
12
Let y(r) = -2*r**2 + 8*r + 9. Let n be y(5). Let b be 12 + (8/